{"id":683,"date":"2018-07-25T15:06:14","date_gmt":"2018-07-25T18:06:14","guid":{"rendered":"https:\/\/cpamalharro-cba.infd.edu.ar\/sitio\/?page_id=683"},"modified":"2023-06-08T21:52:00","modified_gmt":"2023-06-09T00:52:00","slug":"institucional","status":"publish","type":"page","link":"https:\/\/cpamalharro-cba.infd.edu.ar\/sitio\/institucional\/","title":{"rendered":"El Instituto"},"content":{"rendered":"\n<blockquote class=\"wp-block-quote\">\n<p>El Plan Trienal en 1974 contempla la creaci\u00f3n de Centros Polivalentes de Arte en la DiNadea, como iniciativa de renovaci\u00f3n y expansi\u00f3n de la ense\u00f1anza de nivel medio. Se ofrec\u00eda as\u00ed la igualdad de oportunidades al representar una valiosa propuesta al otorgar al estudiante en breve plazo una formaci\u00f3n cultural, una especializaci\u00f3n art\u00edstica y seguras fuentes de trabajo. El Centro Polivalente de Arte de la ciudad de Bell Ville \u00fanico en la provincia de C\u00f3rdoba desplego una intensa actividad dentro de la comunicad y por la misma, teniendo como primera directora a la profesora Beatriz Santoro de Calvente; dicho establecimiento comenz\u00f3 a funcionar en el colegio San Jos\u00e9 (que presto este lugar) donde se dictaban las especialidades de Bellas Artes, M\u00fasica y Danzas Cl\u00e1sicas. En el 1976 se muda a la Casa de la Cultura y en el a\u00f1o 1982 se incorpora el Bachillerato para la formaci\u00f3n  integral de adolescentes ofreciendo tambi\u00e9n la tradicional oferta educativa de art\u00edstica, cursando por la ma\u00f1ana el bachillerato y en contraturnos las espacialidades. La transformaci\u00f3n educativa de 1992 apunta que el arte sea fundamento para la comunicaci\u00f3n en base a la creatividad y la tecnolog\u00eda como un medio. La proyecci\u00f3n cultural a la comunidad ha sido continua siendo su objetivo acercar al medio manifestaciones art\u00edsticas de m\u00fasica, danzas y pl\u00e1stica; viajes educativos a museos nacionales y provinciales, encuentros, exposiciones, jornadas, etc; perfeccionamiento continuo en la docencia ya sea en t\u00e9cnicas especificas y\/o pedag\u00f3gico did\u00e1cticas. ya a esta altura donde la comunidad educativa es mayor se establece como edificio compartido la casona de la calle Av. Colon y el edificio en Int. Viqueira; donde se dictaban en la primera Danzas Cl\u00e1sica y en la segunda Bachillerato, Artes Pl\u00e1sticas, M\u00fasica. Para luego anexar las Danzas Folcl\u00f3ricas. En el a\u00f1o 2001 llega el tan deseado edificio propio, sito en Int. Martin Barcia 845. Frente a esto comienza una nueva transformaci\u00f3n, donde se incorpora nivel superior. Ofreciendo as\u00ed: Bachillerato, las especialidades de m\u00fasica, artes visuales, danzas cl\u00e1sicas y folcl\u00f3ricas, comunicaci\u00f3n grafica, ofreciendo en nivel superior la tecnicatura en danzas con orientaci\u00f3n en danzas folcl\u00f3ricas Argentinas, luego llegar\u00eda la tecnicatura en gesti\u00f3n cultural. Para hoy en el a\u00f1o 2023 la oferta educativa se divide: bachillerato, especializado en danzas de origen folcl\u00f3rico y popular, especializado en danzas de origen esc\u00e9nicas, especializado en m\u00fasica y medios audiovisuales, especializado en dise\u00f1o en comunicaci\u00f3n visual, especializado en producci\u00f3n pintura. Ciclo art\u00edstico vocacional infantil en m\u00fasica, danzas y artes visuales. Ciclos art\u00edsticos vocacionales (adolescentes y adultos) teatro, danzas, flexibilidad. Nivel superior Tecnicatura Superior en Danzas con orientaci\u00f3n en Danzas Folcl\u00f3ricas Argentinas. Cabe destacar que dicha instituci\u00f3n cuenta con el Ballet estable del Centro Superior Polivalente de Arte Martin Malharrro.<\/p>\n<\/blockquote>\n","protected":false},"excerpt":{"rendered":"<p>El Plan Trienal en 1974 contempla la creaci\u00f3n de Centros Polivalentes de Arte en la DiNadea, como iniciativa de renovaci\u00f3n y expansi\u00f3n de la ense\u00f1anza de nivel medio. Se ofrec\u00eda as\u00ed la igualdad de oportunidades al representar una valiosa propuesta al otorgar al estudiante en breve plazo una formaci\u00f3n cultural, una especializaci\u00f3n art\u00edstica y seguras &#8230; <a title=\"El Instituto\" class=\"read-more\" href=\"https:\/\/cpamalharro-cba.infd.edu.ar\/sitio\/institucional\/\" aria-label=\"More on El Instituto\">[+]<\/a><\/p>\n","protected":false},"author":6,"featured_media":0,"parent":0,"menu_order":0,"comment_status":"closed","ping_status":"closed","template":"","meta":[],"acf":[],"_links":{"self":[{"href":"https:\/\/cpamalharro-cba.infd.edu.ar\/sitio\/wp-json\/wp\/v2\/pages\/683"}],"collection":[{"href":"https:\/\/cpamalharro-cba.infd.edu.ar\/sitio\/wp-json\/wp\/v2\/pages"}],"about":[{"href":"https:\/\/cpamalharro-cba.infd.edu.ar\/sitio\/wp-json\/wp\/v2\/types\/page"}],"author":[{"embeddable":true,"href":"https:\/\/cpamalharro-cba.infd.edu.ar\/sitio\/wp-json\/wp\/v2\/users\/6"}],"replies":[{"embeddable":true,"href":"https:\/\/cpamalharro-cba.infd.edu.ar\/sitio\/wp-json\/wp\/v2\/comments?post=683"}],"version-history":[{"count":6,"href":"https:\/\/cpamalharro-cba.infd.edu.ar\/sitio\/wp-json\/wp\/v2\/pages\/683\/revisions"}],"predecessor-version":[{"id":873,"href":"https:\/\/cpamalharro-cba.infd.edu.ar\/sitio\/wp-json\/wp\/v2\/pages\/683\/revisions\/873"}],"wp:attachment":[{"href":"https:\/\/cpamalharro-cba.infd.edu.ar\/sitio\/wp-json\/wp\/v2\/media?parent=683"}],"curies":[{"name":"wp","href":"https:\/\/api.w.org\/{rel}","templated":true}]}}