{"id":685,"date":"2023-06-06T19:47:30","date_gmt":"2023-06-06T22:47:30","guid":{"rendered":"https:\/\/cpamalharro-cba.infd.edu.ar\/sitio\/?page_id=685"},"modified":"2023-06-06T20:08:04","modified_gmt":"2023-06-06T23:08:04","slug":"autoridades","status":"publish","type":"page","link":"https:\/\/cpamalharro-cba.infd.edu.ar\/sitio\/institucional\/autoridades\/","title":{"rendered":"Autoridades"},"content":{"rendered":"<h4><em><strong>Autoridades.<\/strong><\/em><\/h4>\n<p><strong>Directora:<\/strong>\u00a0 Prof. Villalba Fabiana Claudia<\/p>\n<p><strong>Vice Director:<\/strong> Antu\u00f1a Mauro Rom\u00e1n<\/p>\n<p><strong>Secretaria:<\/strong> Martin Vanina<\/p>\n<p><strong>Pro Secretaria:<\/strong> Palacios Paula Andrea<\/p>\n<p><strong>Tel\u00e9fonos:<\/strong> 03537- 421020<\/p>\n<p><span data-mce-mark=\"1\"><strong>E-mail:<\/strong> cpartebville@gmail.com<\/span><\/p>\n<p><strong>Instagram:<\/strong> polivalente.bellville<\/p>\n<p><strong>Facebook:<\/strong> Centro Superior Polivalente de Arte\u00a0 \u00abMartin Malharro\u00bb<\/p>\n","protected":false},"excerpt":{"rendered":"<p>Autoridades. Directora:\u00a0 Prof. Villalba Fabiana Claudia Vice Director: Antu\u00f1a Mauro Rom\u00e1n Secretaria: Martin Vanina Pro Secretaria: Palacios Paula Andrea Tel\u00e9fonos: 03537- 421020 E-mail: cpartebville@gmail.com Instagram: polivalente.bellville Facebook: Centro Superior Polivalente de Arte\u00a0 \u00abMartin Malharro\u00bb<\/p>\n","protected":false},"author":24,"featured_media":850,"parent":683,"menu_order":0,"comment_status":"closed","ping_status":"closed","template":"","meta":[],"acf":[],"_links":{"self":[{"href":"https:\/\/cpamalharro-cba.infd.edu.ar\/sitio\/wp-json\/wp\/v2\/pages\/685"}],"collection":[{"href":"https:\/\/cpamalharro-cba.infd.edu.ar\/sitio\/wp-json\/wp\/v2\/pages"}],"about":[{"href":"https:\/\/cpamalharro-cba.infd.edu.ar\/sitio\/wp-json\/wp\/v2\/types\/page"}],"author":[{"embeddable":true,"href":"https:\/\/cpamalharro-cba.infd.edu.ar\/sitio\/wp-json\/wp\/v2\/users\/24"}],"replies":[{"embeddable":true,"href":"https:\/\/cpamalharro-cba.infd.edu.ar\/sitio\/wp-json\/wp\/v2\/comments?post=685"}],"version-history":[{"count":11,"href":"https:\/\/cpamalharro-cba.infd.edu.ar\/sitio\/wp-json\/wp\/v2\/pages\/685\/revisions"}],"predecessor-version":[{"id":857,"href":"https:\/\/cpamalharro-cba.infd.edu.ar\/sitio\/wp-json\/wp\/v2\/pages\/685\/revisions\/857"}],"up":[{"embeddable":true,"href":"https:\/\/cpamalharro-cba.infd.edu.ar\/sitio\/wp-json\/wp\/v2\/pages\/683"}],"wp:featuredmedia":[{"embeddable":true,"href":"https:\/\/cpamalharro-cba.infd.edu.ar\/sitio\/wp-json\/wp\/v2\/media\/850"}],"wp:attachment":[{"href":"https:\/\/cpamalharro-cba.infd.edu.ar\/sitio\/wp-json\/wp\/v2\/media?parent=685"}],"curies":[{"name":"wp","href":"https:\/\/api.w.org\/{rel}","templated":true}]}}